{"id":161,"date":"2019-01-17T23:04:44","date_gmt":"2019-01-17T23:04:44","guid":{"rendered":"https:\/\/aguiabrasilsolucoes.com.br\/?page_id=161"},"modified":"2019-02-06T00:25:08","modified_gmt":"2019-02-06T00:25:08","slug":"meio-ambiente-e-saneamento-basico","status":"publish","type":"page","link":"https:\/\/aguiabrasilsolucoes.com.br\/?page_id=161","title":{"rendered":"Meio ambiente e saneamento b\u00e1sico"},"content":{"rendered":"\n<p><strong>LICENCIAMENTO\nAMBIENTAL<\/strong><\/p>\n\n\n\n<p>Confec\u00e7\u00e3o de:<\/p>\n\n\n\n<ul><li>Processo de licenciamento ambiental\n(PCA-RCA\/EIA-RIMA) em todo o estado de Minas Gerais;<\/li><li>Processo de outorga de \u00e1gua;<\/li><li>Projeto de averba\u00e7\u00e3o de reserva\nlegal;<\/li><li>Projeto de adequa\u00e7\u00e3o;<\/li><li>RADA &#8211; Relat\u00f3rio de avalia\u00e7\u00e3o de desempenho\nambiental;<\/li><li>Plano de gerenciamento de res\u00edduos\ns\u00f3lidos;<\/li><li>Laudo de ru\u00eddo externo &#8211; LRE;<\/li><li>Laudo de vibra\u00e7\u00e3o ambiental;<\/li><li>Cadastro na FEAM, IEF e Pol\u00edcia\nFederal;<\/li><li>Cadastro t\u00e9cnico municipal, estadual\ne federal;<\/li><li>Licenciamento de transporte para\nprodutos perigosos;<\/li><\/ul>\n\n\n\n<p><\/p>\n\n\n\n<p><strong>PROJETOS<\/strong><br> Confec\u00e7\u00e3o de:<\/p>\n\n\n\n<ul><li>Projetos COPASA &#8211; PRECEND (Programa de recebimento e controle de efluentes para usu\u00e1rios n\u00e3o dom\u00e9sticos)<\/li><li>Projetos de reuso de \u00e1gua;<\/li><\/ul>\n\n\n\n<p><strong>EDUCA\u00c7\u00c3O AMBIENTAL<br><\/strong> Confec\u00e7\u00e3o de:<\/p>\n\n\n\n<ul><li>Implanta\u00e7\u00e3o de plano de gerenciamento de res\u00edduos;<\/li><li>Treinamentos de equipe;<\/li><li>Monitoramento;<\/li><li>Palestras;<\/li><li>Ecoturismo<\/li><\/ul>\n","protected":false},"excerpt":{"rendered":"<p>LICENCIAMENTO AMBIENTAL Confec\u00e7\u00e3o de: Processo de licenciamento ambiental (PCA-RCA\/EIA-RIMA) em todo o estado de Minas Gerais; Processo de outorga de \u00e1gua; Projeto de averba\u00e7\u00e3o de reserva legal; Projeto de adequa\u00e7\u00e3o; RADA &#8211; Relat\u00f3rio de avalia\u00e7\u00e3o de desempenho ambiental; Plano de gerenciamento de res\u00edduos s\u00f3lidos; Laudo de ru\u00eddo externo &#8211; LRE; Laudo de vibra\u00e7\u00e3o ambiental; Cadastro<a class=\"moretag\" href=\"https:\/\/aguiabrasilsolucoes.com.br\/?page_id=161\"><span class=\"screen-reader-text\">Read more about Meio ambiente e saneamento b\u00e1sico<\/span>[&#8230;]<\/a><\/p>\n","protected":false},"author":1,"featured_media":0,"parent":0,"menu_order":0,"comment_status":"closed","ping_status":"closed","template":"","meta":{"footnotes":""},"_links":{"self":[{"href":"https:\/\/aguiabrasilsolucoes.com.br\/index.php?rest_route=\/wp\/v2\/pages\/161"}],"collection":[{"href":"https:\/\/aguiabrasilsolucoes.com.br\/index.php?rest_route=\/wp\/v2\/pages"}],"about":[{"href":"https:\/\/aguiabrasilsolucoes.com.br\/index.php?rest_route=\/wp\/v2\/types\/page"}],"author":[{"embeddable":true,"href":"https:\/\/aguiabrasilsolucoes.com.br\/index.php?rest_route=\/wp\/v2\/users\/1"}],"replies":[{"embeddable":true,"href":"https:\/\/aguiabrasilsolucoes.com.br\/index.php?rest_route=%2Fwp%2Fv2%2Fcomments&post=161"}],"version-history":[{"count":4,"href":"https:\/\/aguiabrasilsolucoes.com.br\/index.php?rest_route=\/wp\/v2\/pages\/161\/revisions"}],"predecessor-version":[{"id":291,"href":"https:\/\/aguiabrasilsolucoes.com.br\/index.php?rest_route=\/wp\/v2\/pages\/161\/revisions\/291"}],"wp:attachment":[{"href":"https:\/\/aguiabrasilsolucoes.com.br\/index.php?rest_route=%2Fwp%2Fv2%2Fmedia&parent=161"}],"curies":[{"name":"wp","href":"https:\/\/api.w.org\/{rel}","templated":true}]}}