{"id":165,"date":"2019-01-17T23:04:44","date_gmt":"2019-01-17T23:04:44","guid":{"rendered":"https:\/\/aguiabrasilsolucoes.com.br\/?page_id=165"},"modified":"2019-02-13T16:21:36","modified_gmt":"2019-02-13T16:21:36","slug":"cursos-livres","status":"publish","type":"page","link":"https:\/\/aguiabrasilsolucoes.com.br\/?page_id=165","title":{"rendered":"Cursos livres"},"content":{"rendered":"\n<ul><li>Curso Avan\u00e7ado I para trabalho com inflam\u00e1veis e combust\u00edveis <\/li><li>Curso Avan\u00e7ado II para trabalho com inflam\u00e1veis e combust\u00edveis <\/li><li>Curso B\u00e1sico&nbsp;&nbsp; para trabalho com inflam\u00e1veis e combust\u00edveis <\/li><li>Curso B\u00e1sico de Seguran\u00e7a de Plataforma <\/li><li>Curso de Atualiza\u00e7\u00e3o para trabalho com inflam\u00e1veis e combust\u00edveis <\/li><li>Curso de Integra\u00e7\u00e3o para trabalho com inflam\u00e1veis e combust\u00edveis <\/li><li>Curso Espec\u00edfico para trabalho com inflam\u00e1veis e combust\u00edveis <\/li><li>Curso Intermedi\u00e1rio&nbsp;&nbsp; para trabalho com inflam\u00e1veis e combust\u00edveis <\/li><\/ul>\n\n\n\n<h2 class=\"wp-block-heading\"><\/h2>\n\n\n\n<p><strong>FORMA\u00c7\u00c3O DE INSTRUTORES<\/strong><\/p>\n\n\n\n<ul><li>Forma\u00e7\u00e3o de instrutores para trabalho em espa\u00e7o confinado<\/li><li>Forma\u00e7\u00e3o de instrutores para trabalhos em altura<\/li><\/ul>\n\n\n\n<p><strong>OUTROS<\/strong><\/p>\n\n\n\n<ul><li>Curso de dire\u00e7\u00e3o defensiva \/ dire\u00e7\u00e3o\npreventiva<\/li><li>Prote\u00e7\u00e3o respirat\u00f3ria (teste de\nveda\u00e7\u00e3o)<\/li><li>Prote\u00e7\u00e3o auditiva<\/li><li>SIPAT<\/li><li>Conscientiza\u00e7\u00e3o quanto ao C\u00e2ncer de\nPele<\/li><li>Conscientiza\u00e7\u00e3o quanto \u00e0 alimenta\u00e7\u00e3o\nsaud\u00e1vel<\/li><\/ul>\n\n\n\n<ul><li>Exerc\u00edcio anual de salvamento <\/li><li>Exerc\u00edcio simulado anual de\nsalvamento em espa\u00e7os confinados <\/li><li>Exerc\u00edcios simulados <\/li><li>Exerc\u00edcios simulados para trabalho\ncom inflam\u00e1veis e combust\u00edveis<\/li><\/ul>\n\n\n\n<ul><li>Informa\u00e7\u00f5es \u00e0 contratante&nbsp; sobre as medidas estabelecidas no plano de\nemerg\u00eancia do Plano de Prote\u00e7\u00e3o Radiol\u00f3gica da executante na ind\u00fastria naval <\/li><li>Informa\u00e7\u00f5es sobre dispositivos de\nalarme existentes <\/li><li>Informa\u00e7\u00f5es sobre equipamentos de\ncombate ao inc\u00eandio&nbsp; <\/li><li>Informa\u00e7\u00f5es sobre os perigos, riscos\ne sobre procedimentos para situa\u00e7\u00f5es de emerg\u00eancia <\/li><li>Informa\u00e7\u00f5es sobre procedimentos para\nevacua\u00e7\u00e3o dos locais de trabalho <\/li><\/ul>\n","protected":false},"excerpt":{"rendered":"<p>Curso Avan\u00e7ado I para trabalho com inflam\u00e1veis e combust\u00edveis Curso Avan\u00e7ado II para trabalho com inflam\u00e1veis e combust\u00edveis Curso B\u00e1sico&nbsp;&nbsp; para trabalho com inflam\u00e1veis e combust\u00edveis Curso B\u00e1sico de Seguran\u00e7a de Plataforma Curso de Atualiza\u00e7\u00e3o para trabalho com inflam\u00e1veis e combust\u00edveis Curso de Integra\u00e7\u00e3o para trabalho com inflam\u00e1veis e combust\u00edveis Curso Espec\u00edfico para trabalho com<a class=\"moretag\" href=\"https:\/\/aguiabrasilsolucoes.com.br\/?page_id=165\"><span class=\"screen-reader-text\">Read more about Cursos livres<\/span>[&#8230;]<\/a><\/p>\n","protected":false},"author":1,"featured_media":0,"parent":0,"menu_order":0,"comment_status":"closed","ping_status":"closed","template":"","meta":{"footnotes":""},"_links":{"self":[{"href":"https:\/\/aguiabrasilsolucoes.com.br\/index.php?rest_route=\/wp\/v2\/pages\/165"}],"collection":[{"href":"https:\/\/aguiabrasilsolucoes.com.br\/index.php?rest_route=\/wp\/v2\/pages"}],"about":[{"href":"https:\/\/aguiabrasilsolucoes.com.br\/index.php?rest_route=\/wp\/v2\/types\/page"}],"author":[{"embeddable":true,"href":"https:\/\/aguiabrasilsolucoes.com.br\/index.php?rest_route=\/wp\/v2\/users\/1"}],"replies":[{"embeddable":true,"href":"https:\/\/aguiabrasilsolucoes.com.br\/index.php?rest_route=%2Fwp%2Fv2%2Fcomments&post=165"}],"version-history":[{"count":7,"href":"https:\/\/aguiabrasilsolucoes.com.br\/index.php?rest_route=\/wp\/v2\/pages\/165\/revisions"}],"predecessor-version":[{"id":300,"href":"https:\/\/aguiabrasilsolucoes.com.br\/index.php?rest_route=\/wp\/v2\/pages\/165\/revisions\/300"}],"wp:attachment":[{"href":"https:\/\/aguiabrasilsolucoes.com.br\/index.php?rest_route=%2Fwp%2Fv2%2Fmedia&parent=165"}],"curies":[{"name":"wp","href":"https:\/\/api.w.org\/{rel}","templated":true}]}}