{"id":166,"date":"2019-01-17T23:04:44","date_gmt":"2019-01-17T23:04:44","guid":{"rendered":"https:\/\/aguiabrasilsolucoes.com.br\/?page_id=166"},"modified":"2019-01-18T00:42:39","modified_gmt":"2019-01-18T00:42:39","slug":"treinamentos-2","status":"publish","type":"page","link":"https:\/\/aguiabrasilsolucoes.com.br\/?page_id=166","title":{"rendered":"Treinamentos"},"content":{"rendered":"\n<p><strong>RAC VALE <\/strong><\/p>\n\n\n\n<ul><li>RAC\n01 Trabalhos em Altura<\/li><li>RAC\n02 Ve\u00edculos Automotores<\/li><li>RAC\n03 Equipamentos M\u00f3veis<\/li><li>RAC\n04 Bloqueio e Etiquetagem<\/li><li>RAC\n05 I\u00e7amento de Carga<\/li><li>RAC\n06 Espa\u00e7os Confinados \u2013 Supervisor de Entrada (NR 33)<\/li><li>RAC\n06 Espa\u00e7os Confinados \u2013 Vigias e Empregados Autorizados (NR 33)<\/li><li>RAC\n09 Explosivos<\/li><li>RAC\n10 Trabalhos em Eletricidade B\u00e1sico (NR 10)<\/li><li>RAC\n10 Trabalhos com Eletricidade Complementar \u2013 Seguran\u00e7a no Sistema El\u00e9trico de\nPot\u00eancia \u2013 SEP e nas Proximidades (NR 10)<\/li><\/ul>\n\n\n\n<p><strong>CAPACITA\u00c7\u00c3O<\/strong><\/p>\n\n\n\n<ul><li>Capacita\u00e7\u00e3o\nem higiene ocupacional<\/li><li>Capacita\u00e7\u00e3o\npara atua\u00e7\u00e3o em pericia de insalubridade\/periculosidade (Perito e Assistente\nT\u00e9cnico)<\/li><li>Capacita\u00e7\u00e3o\nde operador de betoneira<\/li><li>Capacita\u00e7\u00e3o\nde serra circular<\/li><li>Capacita\u00e7\u00e3o\nna opera\u00e7\u00e3o de guindaste<\/li><li>Capacita\u00e7\u00e3o\nna opera\u00e7\u00e3o de guindaste<\/li><li>Capacita\u00e7\u00e3o\nna opera\u00e7\u00e3o de empilhadeira<\/li><li>Capacita\u00e7\u00e3o\nna opera\u00e7\u00e3o de paleteira<\/li><li>Capacita\u00e7\u00e3o\nna opera\u00e7\u00e3o de caldeira<\/li><li>Capacita\u00e7\u00e3o\nna opera\u00e7\u00e3o de PTA (plataforma a\u00e9rea elevat\u00f3ria)<\/li><li>Capacita\u00e7\u00e3o\nna opera\u00e7\u00e3o de p\u00e1 carregadeira<\/li><li>Capacita\u00e7\u00e3o\nna opera\u00e7\u00e3o de&nbsp;&nbsp;ponte rolante<\/li><li>Capacita\u00e7\u00e3o\nna opera\u00e7\u00e3o de talha<\/li><li>Capacita\u00e7\u00e3o\nna opera\u00e7\u00e3o de BOB CAT<\/li><li>Capacita\u00e7\u00e3o\nna opera\u00e7\u00e3o de moto poda<\/li><li>Capacita\u00e7\u00e3o\npara operadores de m\u00e1quinas injetoras <\/li><li>Capacita\u00e7\u00e3o\npara operadores de m\u00e1quinas automotrizes ou autopropelidas <\/li><li>Capacita\u00e7\u00e3o\npara movimenta\u00e7\u00e3o eletromec\u00e2nica de cargas na ind\u00fastria naval <\/li><li>Capacita\u00e7\u00e3o\npara montagem, desmontagem e manuten\u00e7\u00e3o de andaimes na ind\u00fastria naval <\/li><li>Capacita\u00e7\u00e3o\nnas atividades de pintura na ind\u00fastria naval <\/li><li>Capacita\u00e7\u00e3o\nnas atividades de Fixa\u00e7\u00e3o e Estabiliza\u00e7\u00e3o Tempor\u00e1ria de Elementos Estruturais\nna ind\u00fastria naval <\/li><li>Capacita\u00e7\u00e3o nas atividades com risco\nde exposi\u00e7\u00e3o ocupacional ao benzeno <\/li><li>Capacita\u00e7\u00e3o nas atividades com\nres\u00edduos industriais <\/li><li>Capacita\u00e7\u00e3o nas atividades com\nequipamento port\u00e1til rotativo na ind\u00fastria naval <\/li><li>Capacita\u00e7\u00e3o em jateamento e hidro\njateamento na ind\u00fastria naval <\/li><li>Capacita\u00e7\u00e3o do operador de plataforma\nelevat\u00f3ria na ind\u00fastria naval <\/li><li>Capacita\u00e7\u00e3o devido \u00e0 introdu\u00e7\u00e3o de\nnovos m\u00e9todos ou dispositivos tecnol\u00f3gicos <\/li><li>Capacita\u00e7\u00e3o de reciclagem para\nopera\u00e7\u00e3o de caldeiras <\/li><li>Capacita\u00e7\u00e3o da equipe de trabalho\npara resgate em altura na ind\u00fastria naval <\/li><li>Capacita\u00e7\u00e3o da equipe de salvamento <\/li><li>Capacita\u00e7\u00e3o&nbsp; para&nbsp;\nos&nbsp; trabalhadores&nbsp; envolvidos&nbsp;\ndireta&nbsp; ou&nbsp; indiretamente&nbsp;\ncom&nbsp; espa\u00e7os confinados <\/li><li>Capacita\u00e7\u00e3o&nbsp; para&nbsp;\nMovimenta\u00e7\u00e3o,&nbsp; Armazenagem&nbsp; e&nbsp;\nManuseio&nbsp; de&nbsp; Chapas&nbsp;\nde&nbsp; Rochas Ornamentais \u2013\nAdmissional <\/li><li>Capacita\u00e7\u00e3o&nbsp; para&nbsp;\nMovimenta\u00e7\u00e3o,&nbsp; Armazenagem&nbsp; e&nbsp;\nManuseio&nbsp; de&nbsp; Chapas&nbsp;\nde&nbsp; Rochas Ornamentais \u2013\nCapacita\u00e7\u00e3o de Reciclagem trienal <\/li><li>Capacita\u00e7\u00e3o&nbsp; para&nbsp; Movimenta\u00e7\u00e3o,&nbsp; Armazenagem&nbsp;\ne&nbsp; Manuseio&nbsp; de&nbsp;\nChapas&nbsp; de&nbsp; Rochas Ornamentais \u2013 Capacita\u00e7\u00e3o eventual <\/li><li>Capacita\u00e7\u00e3o \u2013 Equipe de salvamento em\nespa\u00e7os confinados <\/li><li>Capacita\u00e7\u00e3o&nbsp; de&nbsp;\nreciclagem&nbsp; em&nbsp; opera\u00e7\u00e3o,&nbsp;\nmanuten\u00e7\u00e3o,&nbsp; inspe\u00e7\u00e3o&nbsp; e&nbsp;\ndemais&nbsp; interven\u00e7\u00f5es de m\u00e1quinas e\nequipamentos <\/li><li>Capacita\u00e7\u00e3o&nbsp; adicional&nbsp;\n\u2013&nbsp; quando&nbsp; forem&nbsp;\nintroduzidos&nbsp; novos&nbsp; fatores&nbsp;\nde&nbsp; risco&nbsp; decorrentes de m\u00e9todos,&nbsp; equipamentos,&nbsp;\ntipos&nbsp; espec\u00edficos&nbsp; de&nbsp;\natendimento,&nbsp; mudan\u00e7as&nbsp; gerenciais&nbsp;\nou de procedimentos <\/li><\/ul>\n\n\n\n<ul><li>Treinamento&nbsp; admissional&nbsp;\npara&nbsp; empregados&nbsp; de&nbsp;\nind\u00fastria&nbsp; e&nbsp; com\u00e9rcio&nbsp;\nde&nbsp; fogos&nbsp; de artif\u00edcio e outros artefatos pirot\u00e9cnicos <\/li><li>Treinamento&nbsp; do&nbsp;\nPrograma&nbsp; de&nbsp; Conserva\u00e7\u00e3o&nbsp;\nAuditiva&nbsp; \u2013&nbsp; trabalhadores&nbsp;\nexpostos&nbsp; a&nbsp; n\u00edveis de press\u00e3o&nbsp; sonora acima dos n\u00edveis de a\u00e7\u00e3o na&nbsp; ind\u00fastria de abate e processamento de carnes\ne derivados&nbsp; <\/li><li>Treinamento&nbsp; em&nbsp;\nseguran\u00e7a&nbsp; para&nbsp; trabalhadores&nbsp;\nque&nbsp; intervenham&nbsp; em&nbsp;\ninstala\u00e7\u00f5es el\u00e9tricas energizadas com alta tens\u00e3o no Sistema El\u00e9trico de\nPot\u00eancia <\/li><li>Treinamento&nbsp; especial&nbsp;\nsobre&nbsp; levantamento&nbsp; e&nbsp;\ntransporte&nbsp; manual&nbsp; de&nbsp;\npeso&nbsp; para trabalhadores\nrespons\u00e1veis pelo transporte interno de produtos arrematados ou outros\nmateriais <\/li><li>Treinamento&nbsp; para&nbsp;\nconserva\u00e7\u00e3o,&nbsp; manuten\u00e7\u00e3o,&nbsp; limpeza&nbsp;\ne&nbsp; utiliza\u00e7\u00e3o&nbsp; de&nbsp;\nequipamentos&nbsp; de aplica\u00e7\u00e3o de\nagrot\u00f3xicos <\/li><li>Treinamento&nbsp; para&nbsp;\nopera\u00e7\u00e3o,&nbsp; manuten\u00e7\u00e3o,&nbsp; inspe\u00e7\u00e3o&nbsp;\ne&nbsp; demais&nbsp; interven\u00e7\u00f5es&nbsp;\nde&nbsp; m\u00e1quinas e equipamentos <\/li><li>Treinamento&nbsp; para&nbsp;\noperadores&nbsp; de&nbsp; m\u00e1quinas&nbsp;\ne&nbsp; equipamentos&nbsp; devido&nbsp;\n\u00e0&nbsp; introdu\u00e7\u00e3o&nbsp; de novas tecnologias <\/li><li>Treinamento&nbsp; para&nbsp;\noperadores&nbsp; de&nbsp; Plataforma&nbsp;\nde&nbsp; trabalho&nbsp; com&nbsp;\nsistema&nbsp; de&nbsp; movimenta\u00e7\u00e3o&nbsp;\nvertical em pinh\u00e3o e cremalheira e plataformas hidr\u00e1ulicas <\/li><li>Treinamento&nbsp; para&nbsp;\ntrabalhadores&nbsp; envolvidos&nbsp; nas&nbsp;\natividades&nbsp; de&nbsp; Alvenaria,&nbsp;\nRevestimentos e Acabamentos <\/li><li>Treinamento&nbsp; sobre&nbsp;\nos&nbsp; procedimentos&nbsp; que&nbsp;\nassegurem&nbsp; a&nbsp; efici\u00eancia&nbsp;\nda&nbsp; prote\u00e7\u00e3o&nbsp; coletiva&nbsp;\ne respectivas limita\u00e7\u00f5es <\/li><li>Treinamento admissional de trabalhadores\nda ind\u00fastria naval <\/li><li>Treinamento admissional na ind\u00fastria\nde abate e processamento de carnes e derivados&nbsp;\n<\/li><li>Treinamento admissional para\noperadores de checkout <\/li><li>Treinamento admissional para\ntrabalhadores em minera\u00e7\u00e3o <\/li><li>Treinamento admissional para trabalho\nem Constru\u00e7\u00e3o Civil <\/li><li>Treinamento anual de trabalhadores\nautorizados, Vigias e Supervisores de Entrada de espa\u00e7os confinados <\/li><li>Treinamento complementar <\/li><li>Treinamento complementar para o\noperador \u2013 Movimenta\u00e7\u00e3o de cargas) na ind\u00fastria naval <\/li><li>Treinamento continuado em manuseio e\nopera\u00e7\u00e3o de equipamentos de combate a inc\u00eandios e explos\u00f5es, e para presta\u00e7\u00e3o\nde primeiros socorros a acidentados <\/li><li>Treinamento Curso B\u00e1sico NR10 para\ntrabalho em plataformas e instala\u00e7\u00f5es de apoio <\/li><li>Treinamento de emerg\u00eancias \u2013 Pescadores\nprofissionais&nbsp; <\/li><li>Treinamento de instala\u00e7\u00f5es el\u00e9tricas\nenergizadas <\/li><li>Treinamento de opera\u00e7\u00e3o de m\u00e1quinas,\nequipamentos em minera\u00e7\u00e3o <\/li><li>Treinamento de reciclagem bienal em\ninstala\u00e7\u00f5es el\u00e9tricas <\/li><li>Treinamento de reciclagem do\ntrabalhador rural <\/li><li>Treinamento de reciclagem para\noperadores de checkout <\/li><li>Treinamento de reciclagem peri\u00f3dica\npara trabalhadores em minera\u00e7\u00e3o <\/li><li>Treinamento de Resgate e Retorno ao\nSino de Mergulho <\/li><li>Treinamento de Seguran\u00e7a na Opera\u00e7\u00e3o\nde Unidades de Processos <\/li><li>Treinamento de sinaleiro de opera\u00e7\u00e3o\nportu\u00e1ria <\/li><li>Treinamento de trabalho em altura <\/li><li>Treinamento de utiliza\u00e7\u00e3o de\nextintores de inc\u00eandio&nbsp; <\/li><li>Treinamento\ndesignado da CIPA <\/li><li>Treinamento determinado pela\nautoridade regional competente <\/li><li>Treinamento devido \u00e0 introdu\u00e7\u00e3o de\nsolu\u00e7\u00f5es alternativas <\/li><li>Treinamento do observador (vigil\u00e2ncia\nespecial contra inc\u00eandios) na ind\u00fastria naval <\/li><li>Treinamento do Programa de\nConserva\u00e7\u00e3o Auditiva&nbsp; <\/li><li>Treinamento do Programa de Prote\u00e7\u00e3o\nRespirat\u00f3ria <\/li><li>Treinamento do Sinaleiro\/Amarrador de\ncargas de gruas <\/li><li>Treinamento dos empregados envolvidos\ncom res\u00edduos dos servi\u00e7os de sa\u00fade \u2013 admissional <\/li><li>Treinamento dos empregados envolvidos\ncom res\u00edduos dos servi\u00e7os de sa\u00fade \u2013 continuado<\/li><li>Treinamento em limpeza dos servi\u00e7os\nde sa\u00fade \u2013 admissional <\/li><li>Treinamento em limpeza dos servi\u00e7os\nde sa\u00fade \u2013 continuado <\/li><li>Treinamento em manipula\u00e7\u00e3o de fontes\nseladas em braquiterapia <\/li><li>Treinamento em manuten\u00e7\u00e3o de m\u00e1quinas\ne equipamentos em servi\u00e7os de sa\u00fade admissional <\/li><li>Treinamento em manuten\u00e7\u00e3o de m\u00e1quinas\ne equipamentos em servi\u00e7os de sa\u00fade continuado<\/li><li>Treinamento em manuten\u00e7\u00e3o, montagem e\ndesmontagem de grua <\/li><li>Treinamento em opera\u00e7\u00e3o de grua <\/li><li>Treinamento em opera\u00e7\u00e3o de m\u00e1quinas e\nimplementos agr\u00edcolas no meio rural <\/li><li>Treinamento em opera\u00e7\u00f5es portu\u00e1rias\ncom produtos perigosos <\/li><li>Treinamento em prote\u00e7\u00e3o radiol\u00f3gica \u2013\nadmissional <\/li><li>Treinamento em prote\u00e7\u00e3o radiol\u00f3gica \u2013\ncontinuado <\/li><li>Treinamento em radiocomunica\u00e7\u00e3o <\/li><li>Treinamento em riscos biol\u00f3gicos em\nservi\u00e7os de sa\u00fade \u2013 admissional <\/li><li>Treinamento em riscos biol\u00f3gicos em\nservi\u00e7os de sa\u00fade \u2013 continuado <\/li><li>Treinamento em rotulagem de produto\nqu\u00edmico <\/li><li>Treinamento em teleatendimento <\/li><li>Treinamento em transporte de\nexplosivos em minera\u00e7\u00e3o <\/li><li>Treinamento em utiliza\u00e7\u00e3o de produtos\nqu\u00edmicos \u2013 admissional <\/li><li>Treinamento em utiliza\u00e7\u00e3o de produtos\nqu\u00edmicos \u2013 continuado <\/li><li>Treinamento em utiliza\u00e7\u00e3o\/descarte de\nperfurocortantes <\/li><li>Treinamento em ventila\u00e7\u00e3o e\nsupervis\u00e3o de mina <\/li><li>Treinamento espec\u00edfico na fun\u00e7\u00e3o para\ntrabalhadores em minera\u00e7\u00e3o <\/li><li>Treinamento eventual de trabalhadores\nda ind\u00fastria naval <\/li><li>Treinamento eventual de trabalho em\naltura <\/li><li>Treinamento eventual em espa\u00e7os\nconfinados <\/li><li>Treinamento eventual na ind\u00fastria de\nabate e processamento de carnes e derivados&nbsp;\n<\/li><li>Treinamento eventual para empregados\nde ind\u00fastria e com\u00e9rcio de fogos de artif\u00edcio e outros artefatos pirot\u00e9cnicos <\/li><li>Treinamento inicial em espa\u00e7os\nconfinados \u2013 Supervisores de entrada <\/li><li>Treinamento inicial em espa\u00e7os\nconfinados \u2013 Trabalhadores Autorizados <\/li><li>Treinamento inicial em espa\u00e7os\nconfinados \u2013 Vigias <\/li><li>Treinamento inicial para realiza\u00e7\u00e3o\nde testes de estanqueidade na ind\u00fastria naval <\/li><li>Treinamento\nmembros da CIPA <\/li><li>Treinamento na opera\u00e7\u00e3o de\nequipamentos nos servi\u00e7os de sa\u00fade <\/li><li>Treinamento no caso de exposi\u00e7\u00e3o a\nagente biol\u00f3gico prejudicial \u00e0&nbsp; sa\u00fade do &nbsp;trabalhador na ind\u00fastria de abate e\nprocessamento de carnes e derivados <\/li><li>Treinamento ou instru\u00e7\u00f5es\nsatisfat\u00f3rias para&nbsp; trabalhador designado\npara o&nbsp; transporte manual regular de\ncargas, que n\u00e3o as leves<\/li><li>Treinamento para empregados\nenvolvidos na montagem e desmontagem de andaimes <\/li><li>Treinamento para empregados\nenvolvidos nas atividades de tubul\u00f5es a c\u00e9u aberto <\/li><li>Treinamento para empregados expostos\na asbesto sobre procedimentos a serem adotado em situa\u00e7\u00f5es de emerg\u00eancia <\/li><li>Treinamento para empregados expostos\na mangan\u00eas sobre o suo de m\u00e1scaras aut\u00f4nomas para casos especiais <\/li><li>Treinamento para empregados que\nmanuseiam agrot\u00f3xicos <\/li><li>Treinamento para empregados usu\u00e1rios\ne respons\u00e1vel pela verifica\u00e7\u00e3o de andaimes suspensos <\/li><li>Treinamento para membros da CIPA ou\ndesignado incluindo os aspectos relativos aos riscos de acidentes com\nexplosivos e sua preven\u00e7\u00e3o <\/li><li>Treinamento para membros da CIPA ou\ndesignado que opere(m) em PRC com combust\u00edveis l\u00edquidos contendo benzeno <\/li><li>Treinamento para membros da CIPAMIN <\/li><li>Treinamento para operador de caldeira\n<\/li><li>Treinamento para operadores de\nequipamentos com for\u00e7a motriz pr\u00f3pria <\/li><li>Treinamento para operadores de\nequipamentos de movimenta\u00e7\u00e3o e&nbsp;\ntransporte de materiais e pessoas <\/li><li>Treinamento para operadores de\nMotosserra e similares <\/li><li>Treinamento para operadores de\nmotosserra, motopoda e similares <\/li><li>Treinamento para os membros da CIPATR\n<\/li><li>Treinamento para trabalhadores\nenvolvidos nas atividades de coleta e destrui\u00e7\u00e3o de res\u00edduos <\/li><li>Treinamento para trabalhadores que\nexercem atividades em espa\u00e7os confinados <\/li><li>Treinamento para trabalho em \u00e1reas\nclassificadas <\/li><li>Treinamento peri\u00f3dico bienal de\ntrabalho em altura&nbsp; <\/li><li>Treinamento peri\u00f3dico das brigadas de\nemerg\u00eancia <\/li><li>Treinamento peri\u00f3dico de\ntrabalhadores da ind\u00fastria naval <\/li><li>Treinamento peri\u00f3dico na ind\u00fastria de\nabate e processamento de carnes e derivados&nbsp;\n<\/li><li>Treinamento peri\u00f3dico para empregados\nde ind\u00fastria e com\u00e9rcio de fogos de artif\u00edcio e outros artefatos pirot\u00e9cnicos <\/li><li>Treinamento peri\u00f3dico para realiza\u00e7\u00e3o\nde testes de estanqueidade na ind\u00fastria naval <\/li><li>Treinamento peri\u00f3dico para trabalho\nem Constru\u00e7\u00e3o Civil <\/li><li>Treinamento\nPrimeiros Socorros <\/li><li>Treinamento primeiros socorros \u2013\nestabelecimento rural <\/li><li>Treinamento semestral espec\u00edfico para\nbrigada de emerg\u00eancia <\/li><li>Treinamento simulado de emerg\u00eancia de\nopera\u00e7\u00f5es portu\u00e1rias <\/li><li>Treinamento sinaleiro e operador \u2013\nMovimenta\u00e7\u00e3o de cargas na ind\u00fastria naval <\/li><li>Treinamento\nsobre correta utiliza\u00e7\u00e3o e limita\u00e7\u00f5es do EPI <\/li><li>Treinamento sobre os riscos\ndecorrentes do emprego da energia el\u00e9trica e principais medidas de preven\u00e7\u00e3o de\nacidentes <\/li><li>Treinamento sobre os riscos, as\nmedidas de controle, de emerg\u00eancia e salvamento em espa\u00e7os confinados <\/li><li>Treinamento sobre preven\u00e7\u00e3o de\nacidentes com agrot\u00f3xicos <\/li><li>Treinamento\nsobre uso adequado do EPI, guarda e conserva\u00e7\u00e3o <\/li><li>Treinamento te\u00f3rico e pr\u00e1tico sobre\nPlano de Emerg\u00eancia e Combate a Inc\u00eandio e Explos\u00e3o <\/li><\/ul>\n","protected":false},"excerpt":{"rendered":"<p>RAC VALE RAC 01 Trabalhos em Altura RAC 02 Ve\u00edculos Automotores RAC 03 Equipamentos M\u00f3veis RAC 04 Bloqueio e Etiquetagem RAC 05 I\u00e7amento de Carga RAC 06 Espa\u00e7os Confinados \u2013 Supervisor de Entrada (NR 33) RAC 06 Espa\u00e7os Confinados \u2013 Vigias e Empregados Autorizados (NR 33) RAC 09 Explosivos RAC 10 Trabalhos em Eletricidade B\u00e1sico<a class=\"moretag\" href=\"https:\/\/aguiabrasilsolucoes.com.br\/?page_id=166\"><span class=\"screen-reader-text\">Read more about Treinamentos<\/span>[&#8230;]<\/a><\/p>\n","protected":false},"author":1,"featured_media":0,"parent":0,"menu_order":0,"comment_status":"closed","ping_status":"closed","template":"","meta":{"footnotes":""},"_links":{"self":[{"href":"https:\/\/aguiabrasilsolucoes.com.br\/index.php?rest_route=\/wp\/v2\/pages\/166"}],"collection":[{"href":"https:\/\/aguiabrasilsolucoes.com.br\/index.php?rest_route=\/wp\/v2\/pages"}],"about":[{"href":"https:\/\/aguiabrasilsolucoes.com.br\/index.php?rest_route=\/wp\/v2\/types\/page"}],"author":[{"embeddable":true,"href":"https:\/\/aguiabrasilsolucoes.com.br\/index.php?rest_route=\/wp\/v2\/users\/1"}],"replies":[{"embeddable":true,"href":"https:\/\/aguiabrasilsolucoes.com.br\/index.php?rest_route=%2Fwp%2Fv2%2Fcomments&post=166"}],"version-history":[{"count":3,"href":"https:\/\/aguiabrasilsolucoes.com.br\/index.php?rest_route=\/wp\/v2\/pages\/166\/revisions"}],"predecessor-version":[{"id":275,"href":"https:\/\/aguiabrasilsolucoes.com.br\/index.php?rest_route=\/wp\/v2\/pages\/166\/revisions\/275"}],"wp:attachment":[{"href":"https:\/\/aguiabrasilsolucoes.com.br\/index.php?rest_route=%2Fwp%2Fv2%2Fmedia&parent=166"}],"curies":[{"name":"wp","href":"https:\/\/api.w.org\/{rel}","templated":true}]}}