{"id":168,"date":"2019-01-17T23:04:44","date_gmt":"2019-01-17T23:04:44","guid":{"rendered":"https:\/\/aguiabrasilsolucoes.com.br\/?page_id=168"},"modified":"2019-01-18T00:44:48","modified_gmt":"2019-01-18T00:44:48","slug":"projetos-de-sistema-de-combate-a-incendio","status":"publish","type":"page","link":"https:\/\/aguiabrasilsolucoes.com.br\/?page_id=168","title":{"rendered":"Projetos de sistema de combate a inc\u00eandio"},"content":{"rendered":"\n<p>Confec\u00e7\u00e3o e\nassessoria na implanta\u00e7\u00e3o de projeto de combate a inc\u00eandio, contendo: <\/p>\n\n\n\n<p>\u2013\nPreventivo por extintores e hidr\u00e1ulico<\/p>\n\n\n\n<p>\u2013 Instala\u00e7\u00f5es de g\u00e1s\ncombust\u00edvel<\/p>\n\n\n\n<p>\u2013 Sa\u00eddas e ilumina\u00e7\u00e3o\nde emerg\u00eancia<\/p>\n\n\n\n<p>\u2013 Prote\u00e7\u00e3o contra\ndescargas atmosf\u00e9ricas<\/p>\n\n\n\n<p>\u2013 Sistema de alarme e\ndetec\u00e7\u00e3o de inc\u00eandio<\/p>\n\n\n\n<p>\u2013 Sinaliza\u00e7\u00e3o de\nabandono de local<\/p>\n\n\n\n<p>\u2013 Escada pressurizada<\/p>\n\n\n\n<p>\u2013 Sprinkler<\/p>\n\n\n\n<p>AVCB (Auto de Vistoria do Corpo de\nBombeiros): Inicial e renova\u00e7\u00e3o<\/p>\n","protected":false},"excerpt":{"rendered":"<p>Confec\u00e7\u00e3o e assessoria na implanta\u00e7\u00e3o de projeto de combate a inc\u00eandio, contendo: \u2013 Preventivo por extintores e hidr\u00e1ulico \u2013 Instala\u00e7\u00f5es de g\u00e1s combust\u00edvel \u2013 Sa\u00eddas e ilumina\u00e7\u00e3o de emerg\u00eancia \u2013 Prote\u00e7\u00e3o contra descargas atmosf\u00e9ricas \u2013 Sistema de alarme e detec\u00e7\u00e3o de inc\u00eandio \u2013 Sinaliza\u00e7\u00e3o de abandono de local \u2013 Escada pressurizada \u2013 Sprinkler AVCB (Auto<a class=\"moretag\" href=\"https:\/\/aguiabrasilsolucoes.com.br\/?page_id=168\"><span class=\"screen-reader-text\">Read more about Projetos de sistema de combate a inc\u00eandio<\/span>[&#8230;]<\/a><\/p>\n","protected":false},"author":1,"featured_media":0,"parent":0,"menu_order":0,"comment_status":"closed","ping_status":"closed","template":"","meta":{"footnotes":""},"_links":{"self":[{"href":"https:\/\/aguiabrasilsolucoes.com.br\/index.php?rest_route=\/wp\/v2\/pages\/168"}],"collection":[{"href":"https:\/\/aguiabrasilsolucoes.com.br\/index.php?rest_route=\/wp\/v2\/pages"}],"about":[{"href":"https:\/\/aguiabrasilsolucoes.com.br\/index.php?rest_route=\/wp\/v2\/types\/page"}],"author":[{"embeddable":true,"href":"https:\/\/aguiabrasilsolucoes.com.br\/index.php?rest_route=\/wp\/v2\/users\/1"}],"replies":[{"embeddable":true,"href":"https:\/\/aguiabrasilsolucoes.com.br\/index.php?rest_route=%2Fwp%2Fv2%2Fcomments&post=168"}],"version-history":[{"count":2,"href":"https:\/\/aguiabrasilsolucoes.com.br\/index.php?rest_route=\/wp\/v2\/pages\/168\/revisions"}],"predecessor-version":[{"id":280,"href":"https:\/\/aguiabrasilsolucoes.com.br\/index.php?rest_route=\/wp\/v2\/pages\/168\/revisions\/280"}],"wp:attachment":[{"href":"https:\/\/aguiabrasilsolucoes.com.br\/index.php?rest_route=%2Fwp%2Fv2%2Fmedia&parent=168"}],"curies":[{"name":"wp","href":"https:\/\/api.w.org\/{rel}","templated":true}]}}